{"id":2,"date":"2025-06-18T11:48:18","date_gmt":"2025-06-18T09:48:18","guid":{"rendered":"https:\/\/wioskisos.org\/sygnalisci\/?page_id=2"},"modified":"2025-07-08T11:57:12","modified_gmt":"2025-07-08T09:57:12","slug":"przykladowa-strona","status":"publish","type":"page","link":"https:\/\/wioskisos.org\/sygnalisci\/","title":{"rendered":"Strona g\u0142\u00f3wna"},"content":{"rendered":"","protected":false},"excerpt":{"rendered":"","protected":false},"author":1,"featured_media":70,"parent":0,"menu_order":0,"comment_status":"closed","ping_status":"open","template":"page-home.php","meta":{"_acf_changed":false,"footnotes":""},"class_list":["post-2","page","type-page","status-publish","has-post-thumbnail","hentry"],"acf":[],"yoast_head":"<!-- This site is optimized with the Yoast SEO plugin v25.3.1 - https:\/\/yoast.com\/wordpress\/plugins\/seo\/ -->\n<title>Zg\u0142o\u015b nieprawid\u0142owo\u015bci - SOS Wioski Dzieci\u0119ce w Polsce<\/title>\n<meta name=\"robots\" content=\"index, follow, max-snippet:-1, max-image-preview:large, max-video-preview:-1\" \/>\n<link rel=\"canonical\" href=\"https:\/\/wioskisos.org\/sygnalisci\/\" \/>\n<meta property=\"og:locale\" content=\"pl_PL\" \/>\n<meta property=\"og:type\" content=\"article\" \/>\n<meta property=\"og:title\" content=\"Zg\u0142o\u015b nieprawid\u0142owo\u015bci - SOS Wioski Dzieci\u0119ce w Polsce\" \/>\n<meta property=\"og:url\" content=\"https:\/\/wioskisos.org\/sygnalisci\/\" \/>\n<meta property=\"og:site_name\" content=\"Sygnali\u015bci\" \/>\n<meta property=\"article:modified_time\" content=\"2025-07-08T09:57:12+00:00\" \/>\n<meta property=\"og:image\" content=\"https:\/\/wioskisos.org\/sygnalisci\/wp-content\/uploads\/2025\/06\/banerek.webp\" \/>\n\t<meta property=\"og:image:width\" content=\"2526\" \/>\n\t<meta property=\"og:image:height\" content=\"978\" \/>\n\t<meta property=\"og:image:type\" content=\"image\/webp\" \/>\n<meta name=\"twitter:card\" content=\"summary_large_image\" \/>\n<meta name=\"twitter:label1\" content=\"Szacowany czas czytania\" \/>\n\t<meta name=\"twitter:data1\" content=\"1 minuta\" \/>\n<script type=\"application\/ld+json\" class=\"yoast-schema-graph\">{\"@context\":\"https:\/\/schema.org\",\"@graph\":[{\"@type\":\"WebPage\",\"@id\":\"https:\/\/wioskisos.org\/sygnalisci\/\",\"url\":\"https:\/\/wioskisos.org\/sygnalisci\/\",\"name\":\"Zg\u0142o\u015b nieprawid\u0142owo\u015bci - SOS Wioski Dzieci\u0119ce w Polsce\",\"isPartOf\":{\"@id\":\"https:\/\/wioskisos.org\/sygnalisci\/#website\"},\"primaryImageOfPage\":{\"@id\":\"https:\/\/wioskisos.org\/sygnalisci\/#primaryimage\"},\"image\":{\"@id\":\"https:\/\/wioskisos.org\/sygnalisci\/#primaryimage\"},\"thumbnailUrl\":\"https:\/\/wioskisos.org\/sygnalisci\/wp-content\/uploads\/2025\/06\/banerek.webp\",\"datePublished\":\"2025-06-18T09:48:18+00:00\",\"dateModified\":\"2025-07-08T09:57:12+00:00\",\"breadcrumb\":{\"@id\":\"https:\/\/wioskisos.org\/sygnalisci\/#breadcrumb\"},\"inLanguage\":\"pl-PL\",\"potentialAction\":[{\"@type\":\"ReadAction\",\"target\":[\"https:\/\/wioskisos.org\/sygnalisci\/\"]}]},{\"@type\":\"ImageObject\",\"inLanguage\":\"pl-PL\",\"@id\":\"https:\/\/wioskisos.org\/sygnalisci\/#primaryimage\",\"url\":\"https:\/\/wioskisos.org\/sygnalisci\/wp-content\/uploads\/2025\/06\/banerek.webp\",\"contentUrl\":\"https:\/\/wioskisos.org\/sygnalisci\/wp-content\/uploads\/2025\/06\/banerek.webp\",\"width\":2526,\"height\":978},{\"@type\":\"BreadcrumbList\",\"@id\":\"https:\/\/wioskisos.org\/sygnalisci\/#breadcrumb\",\"itemListElement\":[{\"@type\":\"ListItem\",\"position\":1,\"name\":\"Strona g\u0142\u00f3wna\",\"item\":\"https:\/\/wioskisos.org\/sygnalisci\/\"},{\"@type\":\"ListItem\",\"position\":2,\"name\":\"Strona g\u0142\u00f3wna\"}]},{\"@type\":\"WebSite\",\"@id\":\"https:\/\/wioskisos.org\/sygnalisci\/#website\",\"url\":\"https:\/\/wioskisos.org\/sygnalisci\/\",\"name\":\"Sygnali\u015bci SOS Wioski Dzieci\u0119ce w Polsce\",\"description\":\"\",\"publisher\":{\"@id\":\"https:\/\/wioskisos.org\/sygnalisci\/#organization\"},\"potentialAction\":[{\"@type\":\"SearchAction\",\"target\":{\"@type\":\"EntryPoint\",\"urlTemplate\":\"https:\/\/wioskisos.org\/sygnalisci\/?s={search_term_string}\"},\"query-input\":{\"@type\":\"PropertyValueSpecification\",\"valueRequired\":true,\"valueName\":\"search_term_string\"}}],\"inLanguage\":\"pl-PL\"},{\"@type\":\"Organization\",\"@id\":\"https:\/\/wioskisos.org\/sygnalisci\/#organization\",\"name\":\"SOS Wioski Dzieci\u0119ce w Polsce\",\"url\":\"https:\/\/wioskisos.org\/sygnalisci\/\",\"logo\":{\"@type\":\"ImageObject\",\"inLanguage\":\"pl-PL\",\"@id\":\"https:\/\/wioskisos.org\/sygnalisci\/#\/schema\/logo\/image\/\",\"url\":\"https:\/\/wioskisos.org\/sygnalisci\/wp-content\/uploads\/2025\/06\/Zasob-7.png\",\"contentUrl\":\"https:\/\/wioskisos.org\/sygnalisci\/wp-content\/uploads\/2025\/06\/Zasob-7.png\",\"width\":181,\"height\":62,\"caption\":\"SOS Wioski Dzieci\u0119ce w Polsce\"},\"image\":{\"@id\":\"https:\/\/wioskisos.org\/sygnalisci\/#\/schema\/logo\/image\/\"}}]}<\/script>\n<!-- \/ Yoast SEO plugin. -->","yoast_head_json":{"title":"Zg\u0142o\u015b nieprawid\u0142owo\u015bci - SOS Wioski Dzieci\u0119ce w Polsce","robots":{"index":"index","follow":"follow","max-snippet":"max-snippet:-1","max-image-preview":"max-image-preview:large","max-video-preview":"max-video-preview:-1"},"canonical":"https:\/\/wioskisos.org\/sygnalisci\/","og_locale":"pl_PL","og_type":"article","og_title":"Zg\u0142o\u015b nieprawid\u0142owo\u015bci - SOS Wioski Dzieci\u0119ce w Polsce","og_url":"https:\/\/wioskisos.org\/sygnalisci\/","og_site_name":"Sygnali\u015bci","article_modified_time":"2025-07-08T09:57:12+00:00","og_image":[{"width":2526,"height":978,"url":"https:\/\/wioskisos.org\/sygnalisci\/wp-content\/uploads\/2025\/06\/banerek.webp","type":"image\/webp"}],"twitter_card":"summary_large_image","twitter_misc":{"Szacowany czas czytania":"1 minuta"},"schema":{"@context":"https:\/\/schema.org","@graph":[{"@type":"WebPage","@id":"https:\/\/wioskisos.org\/sygnalisci\/","url":"https:\/\/wioskisos.org\/sygnalisci\/","name":"Zg\u0142o\u015b nieprawid\u0142owo\u015bci - SOS Wioski Dzieci\u0119ce w Polsce","isPartOf":{"@id":"https:\/\/wioskisos.org\/sygnalisci\/#website"},"primaryImageOfPage":{"@id":"https:\/\/wioskisos.org\/sygnalisci\/#primaryimage"},"image":{"@id":"https:\/\/wioskisos.org\/sygnalisci\/#primaryimage"},"thumbnailUrl":"https:\/\/wioskisos.org\/sygnalisci\/wp-content\/uploads\/2025\/06\/banerek.webp","datePublished":"2025-06-18T09:48:18+00:00","dateModified":"2025-07-08T09:57:12+00:00","breadcrumb":{"@id":"https:\/\/wioskisos.org\/sygnalisci\/#breadcrumb"},"inLanguage":"pl-PL","potentialAction":[{"@type":"ReadAction","target":["https:\/\/wioskisos.org\/sygnalisci\/"]}]},{"@type":"ImageObject","inLanguage":"pl-PL","@id":"https:\/\/wioskisos.org\/sygnalisci\/#primaryimage","url":"https:\/\/wioskisos.org\/sygnalisci\/wp-content\/uploads\/2025\/06\/banerek.webp","contentUrl":"https:\/\/wioskisos.org\/sygnalisci\/wp-content\/uploads\/2025\/06\/banerek.webp","width":2526,"height":978},{"@type":"BreadcrumbList","@id":"https:\/\/wioskisos.org\/sygnalisci\/#breadcrumb","itemListElement":[{"@type":"ListItem","position":1,"name":"Strona g\u0142\u00f3wna","item":"https:\/\/wioskisos.org\/sygnalisci\/"},{"@type":"ListItem","position":2,"name":"Strona g\u0142\u00f3wna"}]},{"@type":"WebSite","@id":"https:\/\/wioskisos.org\/sygnalisci\/#website","url":"https:\/\/wioskisos.org\/sygnalisci\/","name":"Sygnali\u015bci SOS Wioski Dzieci\u0119ce w Polsce","description":"","publisher":{"@id":"https:\/\/wioskisos.org\/sygnalisci\/#organization"},"potentialAction":[{"@type":"SearchAction","target":{"@type":"EntryPoint","urlTemplate":"https:\/\/wioskisos.org\/sygnalisci\/?s={search_term_string}"},"query-input":{"@type":"PropertyValueSpecification","valueRequired":true,"valueName":"search_term_string"}}],"inLanguage":"pl-PL"},{"@type":"Organization","@id":"https:\/\/wioskisos.org\/sygnalisci\/#organization","name":"SOS Wioski Dzieci\u0119ce w Polsce","url":"https:\/\/wioskisos.org\/sygnalisci\/","logo":{"@type":"ImageObject","inLanguage":"pl-PL","@id":"https:\/\/wioskisos.org\/sygnalisci\/#\/schema\/logo\/image\/","url":"https:\/\/wioskisos.org\/sygnalisci\/wp-content\/uploads\/2025\/06\/Zasob-7.png","contentUrl":"https:\/\/wioskisos.org\/sygnalisci\/wp-content\/uploads\/2025\/06\/Zasob-7.png","width":181,"height":62,"caption":"SOS Wioski Dzieci\u0119ce w Polsce"},"image":{"@id":"https:\/\/wioskisos.org\/sygnalisci\/#\/schema\/logo\/image\/"}}]}},"_links":{"self":[{"href":"https:\/\/wioskisos.org\/sygnalisci\/wp-json\/wp\/v2\/pages\/2","targetHints":{"allow":["GET"]}}],"collection":[{"href":"https:\/\/wioskisos.org\/sygnalisci\/wp-json\/wp\/v2\/pages"}],"about":[{"href":"https:\/\/wioskisos.org\/sygnalisci\/wp-json\/wp\/v2\/types\/page"}],"author":[{"embeddable":true,"href":"https:\/\/wioskisos.org\/sygnalisci\/wp-json\/wp\/v2\/users\/1"}],"replies":[{"embeddable":true,"href":"https:\/\/wioskisos.org\/sygnalisci\/wp-json\/wp\/v2\/comments?post=2"}],"version-history":[{"count":21,"href":"https:\/\/wioskisos.org\/sygnalisci\/wp-json\/wp\/v2\/pages\/2\/revisions"}],"predecessor-version":[{"id":86,"href":"https:\/\/wioskisos.org\/sygnalisci\/wp-json\/wp\/v2\/pages\/2\/revisions\/86"}],"wp:featuredmedia":[{"embeddable":true,"href":"https:\/\/wioskisos.org\/sygnalisci\/wp-json\/wp\/v2\/media\/70"}],"wp:attachment":[{"href":"https:\/\/wioskisos.org\/sygnalisci\/wp-json\/wp\/v2\/media?parent=2"}],"curies":[{"name":"wp","href":"https:\/\/api.w.org\/{rel}","templated":true}]}}