{"id":920,"date":"2021-02-19T10:56:28","date_gmt":"2021-02-19T09:56:28","guid":{"rendered":"https:\/\/wioskisos.org\/kartki-swiateczne\/?page_id=920"},"modified":"2024-02-27T10:29:17","modified_gmt":"2024-02-27T09:29:17","slug":"teksty-zyczen-wielkanoc","status":"publish","type":"page","link":"https:\/\/wioskisos.org\/kartki-swiateczne\/teksty-zyczen-wielkanoc\/","title":{"rendered":"Teksty \u017cycze\u0144 Wielkanoc"},"content":{"rendered":"<p style=\"text-align: center;\">Prezentujemy przyk\u0142adowe teksty \u017cycze\u0144, istnieje mo\u017cliwo\u015b\u0107 zakupu pustych kartek lub zaprojektowania w\u0142asnych \u017cycze\u0144.<\/p>\n","protected":false},"excerpt":{"rendered":"<p>Prezentujemy przyk\u0142adowe teksty \u017cycze\u0144, istnieje mo\u017cliwo\u015b\u0107 zakupu pustych kartek lub zaprojektowania w\u0142asnych \u017cycze\u0144.<\/p>\n","protected":false},"author":1,"featured_media":0,"parent":0,"menu_order":0,"comment_status":"closed","ping_status":"closed","template":"page-zyczenia.php","meta":{"footnotes":""},"acf":[],"aioseo_notices":[],"_links":{"self":[{"href":"https:\/\/wioskisos.org\/kartki-swiateczne\/wp-json\/wp\/v2\/pages\/920"}],"collection":[{"href":"https:\/\/wioskisos.org\/kartki-swiateczne\/wp-json\/wp\/v2\/pages"}],"about":[{"href":"https:\/\/wioskisos.org\/kartki-swiateczne\/wp-json\/wp\/v2\/types\/page"}],"author":[{"embeddable":true,"href":"https:\/\/wioskisos.org\/kartki-swiateczne\/wp-json\/wp\/v2\/users\/1"}],"replies":[{"embeddable":true,"href":"https:\/\/wioskisos.org\/kartki-swiateczne\/wp-json\/wp\/v2\/comments?post=920"}],"version-history":[{"count":4,"href":"https:\/\/wioskisos.org\/kartki-swiateczne\/wp-json\/wp\/v2\/pages\/920\/revisions"}],"predecessor-version":[{"id":1290,"href":"https:\/\/wioskisos.org\/kartki-swiateczne\/wp-json\/wp\/v2\/pages\/920\/revisions\/1290"}],"wp:attachment":[{"href":"https:\/\/wioskisos.org\/kartki-swiateczne\/wp-json\/wp\/v2\/media?parent=920"}],"curies":[{"name":"wp","href":"https:\/\/api.w.org\/{rel}","templated":true}]}}