{"id":27,"date":"2012-02-27T07:53:13","date_gmt":"2012-02-27T07:53:13","guid":{"rendered":"http:\/\/wioskisos.org\/MWM\/?page_id=27"},"modified":"2015-09-10T12:34:50","modified_gmt":"2015-09-10T12:34:50","slug":"o-stowarzyszeniu","status":"publish","type":"page","link":"https:\/\/wioskisos.org\/MWM\/?page_id=27","title":{"rendered":"o Stowarzyszeniu"},"content":{"rendered":"<p><a href=\"http:\/\/wioskisos.org\/MWM\/wp-content\/uploads\/2012\/02\/logo_sos_100cyan1.jpg\"><img loading=\"lazy\" decoding=\"async\" class=\"alignnone wp-image-62 size-full\" title=\"logo_sos\" src=\"http:\/\/wioskisos.org\/MWM\/wp-content\/uploads\/2012\/02\/logo_sos_100cyan1.jpg\" alt=\"\" width=\"379\" height=\"128\" srcset=\"https:\/\/wioskisos.org\/MWM\/wp-content\/uploads\/2012\/02\/logo_sos_100cyan1.jpg 379w, https:\/\/wioskisos.org\/MWM\/wp-content\/uploads\/2012\/02\/logo_sos_100cyan1-300x101.jpg 300w\" sizes=\"(max-width: 379px) 100vw, 379px\" \/><\/a><br \/>\nSOS Wioski Dzieci\u0119ce w Polsce to pozarz\u0105dowa organizacja dobroczynna, kt\u00f3ra opiekuje si\u0119 dzie\u0107mi opuszczonymi, osieroconymi oraz tymi z rodzin dysfunkcjonalnych. Nale\u017cymy do \u015bwiatowego Stowarzyszenia SOS Kinderdorf International. Ta najwi\u0119ksza na \u015bwiecie organizacja charytatywna dzia\u0142a w 135 krajach!<\/p>\n<p>W Polsce istniejemy ju\u017c od ponad 30 lat. W tej chwili mamy pod opiek\u0105 prawie 1 500 potrzebuj\u0105cych dzieci. Z pomoc\u0105 wszystkich ludzi dobrej woli chcemy budowa\u0107 dla nich lepsz\u0105 przysz\u0142o\u015b\u0107.<\/p>\n<p><strong>Nasza wizja:<\/strong><\/p>\n<p>Ka\u017cde dziecko przynale\u017cy do swojej rodziny i ma prawo dorasta\u0107 otoczone mi\u0142o\u015bci\u0105, szacunkiem i poczuciem bezpiecze\u0144stwa.<\/p>\n<p><strong>Nasza misja:<\/strong><\/p>\n<p>Tworzymy rodziny dla potrzebuj\u0105cych dzieci, pomagamy im w kszta\u0142towaniu swojej przysz\u0142o\u015bci i uczestniczymy w rozwoju ich spo\u0142eczno\u015bci..<\/p>\n<p><strong>Nasze warto\u015bci:<\/strong><\/p>\n<ol>\n<li>Odwaga<\/li>\n<li>Zaanga\u017cowanie<\/li>\n<li>Zaufanie<\/li>\n<li>Odpowiedzialno\u015b\u0107<\/li>\n<\/ol>\n<p>&nbsp;<\/p>\n\n\t\t\t\t<div class=\"mr_social_sharing_wrapper\">\n\t\t\t\t<!-- Social Sharing Toolkit v2.2 --><span class=\"mr_social_sharing\"><span style=\"display: inline-block; width: 51px; height: 21px; overflow: hidden;\"><div class=\"fb-like\" data-href=\"https:\/\/wioskisos.org\/MWM\/?page_id=27\" data-send=\"false\" data-width=\"51\" data-show-faces=\"false\"><\/div><\/span><\/span><span class=\"mr_social_sharing\"><div class=\"fb-send\" data-href=\"https:\/\/wioskisos.org\/MWM\/?page_id=27\"><\/div><\/span><span class=\"mr_social_sharing\"><div class=\"g-plusone\" data-size=\"medium\" data-annotation=\"none\" data-href=\"https:\/\/wioskisos.org\/MWM\/?page_id=27\"><\/div><\/span><span class=\"mr_social_sharing\"><a href=\"mailto:?subject=o Stowarzyszeniu&amp;body=https:\/\/wioskisos.org\/MWM\/?page_id=27\" target=\"_blank\"><img decoding=\"async\" src=\"https:\/\/wioskisos.org\/MWM\/wp-content\/plugins\/social-sharing-toolkit\/images\/buttons\/email.png\" class=\"nopin\" alt=\"Share via email\" title=\"Share via email\"\/><\/a><\/span><span class=\"mr_social_sharing\"><a class=\"linksalpha_button linksalpha_link\" href=\"\/\/www.linksalpha.com\/social\/mobile\" data-url=\"https:\/\/wioskisos.org\/MWM\/?page_id=27\" data-text=\"o Stowarzyszeniu\" data-desc=\"SOS Wioski Dzieci\u0119ce w Polsce to pozarz\u0105dowa organizacja dobroczynna, kt\u00f3ra opiekuje si\u0119 dzie\u0107mi opuszczonymi, osieroconymi oraz tymi z rodzin dysfunkcjonalnych. Nale\u017cymy do \u015bwiatowego Stowarzyszenia SOS Kinderdorf International. Ta najwi\u0119ksza na \u015bwiecie organizacja charytatywna dzia\u0142a w\" data-image=\"http:\/\/wioskisos.org\/MWM\/wp-content\/uploads\/2012\/02\/logo_sos_100cyan1.jpg\" data-button=\"\">\n\t\t\t\t\t<img decoding=\"async\" src=\"\/\/www.linksalpha.com\/images\/social_share_button.png\" alt=\"Share\" class=\"linksalpha_image\" \/>\n\t\t\t\t\t<\/a><script type=\"text\/javascript\" src=\"\/\/www.linksalpha.com\/social\/loader_iconbox?link=https%3A%2F%2Fwioskisos.org%2FMWM%2F%3Fpage_id%3D27&id=1283581495\"><\/script><\/span><\/div>","protected":false},"excerpt":{"rendered":"<p>SOS Wioski Dzieci\u0119ce w Polsce to pozarz\u0105dowa organizacja dobroczynna, kt\u00f3ra opiekuje si\u0119 dzie\u0107mi opuszczonymi, osieroconymi oraz tymi z rodzin dysfunkcjonalnych. Nale\u017cymy do \u015bwiatowego Stowarzyszenia SOS Kinderdorf International. Ta najwi\u0119ksza na \u015bwiecie organizacja charytatywna dzia\u0142a w 135 krajach! W Polsce istniejemy ju\u017c od ponad 30 lat. W tej chwili mamy pod opiek\u0105 prawie 1 500 potrzebuj\u0105cych [&hellip;]<\/p>\n\n\t\t\t\t<div class=\"mr_social_sharing_wrapper\">\n\t\t\t\t<!-- Social Sharing Toolkit v2.2 --><span class=\"mr_social_sharing\"><span style=\"display: inline-block; width: 51px; height: 21px; overflow: hidden;\"><div class=\"fb-like\" data-href=\"https:\/\/wioskisos.org\/MWM\/?page_id=27\" data-send=\"false\" data-width=\"51\" data-show-faces=\"false\"><\/div><\/span><\/span><span class=\"mr_social_sharing\"><div class=\"fb-send\" data-href=\"https:\/\/wioskisos.org\/MWM\/?page_id=27\"><\/div><\/span><span class=\"mr_social_sharing\"><div class=\"g-plusone\" data-size=\"medium\" data-annotation=\"none\" data-href=\"https:\/\/wioskisos.org\/MWM\/?page_id=27\"><\/div><\/span><span class=\"mr_social_sharing\"><a href=\"mailto:?subject=o Stowarzyszeniu&amp;body=https:\/\/wioskisos.org\/MWM\/?page_id=27\" target=\"_blank\"><img decoding=\"async\" src=\"https:\/\/wioskisos.org\/MWM\/wp-content\/plugins\/social-sharing-toolkit\/images\/buttons\/email.png\" class=\"nopin\" alt=\"Share via email\" title=\"Share via email\"\/><\/a><\/span><span class=\"mr_social_sharing\"><a class=\"linksalpha_button linksalpha_link\" href=\"\/\/www.linksalpha.com\/social\/mobile\" data-url=\"https:\/\/wioskisos.org\/MWM\/?page_id=27\" data-text=\"o Stowarzyszeniu\" data-desc=\"SOS Wioski Dzieci\u0119ce w Polsce to pozarz\u0105dowa organizacja dobroczynna, kt\u00f3ra opiekuje si\u0119 dzie\u0107mi opuszczonymi, osieroconymi oraz tymi z rodzin dysfunkcjonalnych. Nale\u017cymy do \u015bwiatowego Stowarzyszenia SOS Kinderdorf International. Ta najwi\u0119ksza na \u015bwiecie organizacja charytatywna dzia\u0142a w\" data-image=\"\" data-button=\"\">\n\t\t\t\t\t<img decoding=\"async\" src=\"\/\/www.linksalpha.com\/images\/social_share_button.png\" alt=\"Share\" class=\"linksalpha_image\" \/>\n\t\t\t\t\t<\/a><script type=\"text\/javascript\" src=\"\/\/www.linksalpha.com\/social\/loader_iconbox?link=https%3A%2F%2Fwioskisos.org%2FMWM%2F%3Fpage_id%3D27&id=1092175592\"><\/script><\/span><\/div>","protected":false},"author":1,"featured_media":0,"parent":0,"menu_order":0,"comment_status":"open","ping_status":"open","template":"","meta":{"footnotes":""},"_links":{"self":[{"href":"https:\/\/wioskisos.org\/MWM\/index.php?rest_route=\/wp\/v2\/pages\/27"}],"collection":[{"href":"https:\/\/wioskisos.org\/MWM\/index.php?rest_route=\/wp\/v2\/pages"}],"about":[{"href":"https:\/\/wioskisos.org\/MWM\/index.php?rest_route=\/wp\/v2\/types\/page"}],"author":[{"embeddable":true,"href":"https:\/\/wioskisos.org\/MWM\/index.php?rest_route=\/wp\/v2\/users\/1"}],"replies":[{"embeddable":true,"href":"https:\/\/wioskisos.org\/MWM\/index.php?rest_route=%2Fwp%2Fv2%2Fcomments&post=27"}],"version-history":[{"count":12,"href":"https:\/\/wioskisos.org\/MWM\/index.php?rest_route=\/wp\/v2\/pages\/27\/revisions"}],"predecessor-version":[{"id":1858,"href":"https:\/\/wioskisos.org\/MWM\/index.php?rest_route=\/wp\/v2\/pages\/27\/revisions\/1858"}],"wp:attachment":[{"href":"https:\/\/wioskisos.org\/MWM\/index.php?rest_route=%2Fwp%2Fv2%2Fmedia&parent=27"}],"curies":[{"name":"wp","href":"https:\/\/api.w.org\/{rel}","templated":true}]}}